n q(c) is divided by 22.
20
Suppose -2*f - 3*f = -35. Suppose -f = -4*w - 31. Calculate the remainder when 100 is divided by 2 + -1 + 24 - 6/w.
22
Let h be -3*(-6)/9 - -2. Suppose 5*x + h = 39. What is the remainder when -14 + 26 - (-3 + 3) is divided by x?
5
Suppose -98 = 2*g + 118. Let a(o) = 24*o**2 - 15*o - 12. Let r be a(3). Let t = g + r. What is the remainder when 149 is divided by t?
47
Suppose -3*z - 2*h = -1790, -64*h + 2974 = 5*z - 63*h. What is the remainder when z is divided by 24?
18
Let a(x) = -x**2 - 5*x - 5. Let i be a(-3). Let t be 0*(3/3)/(3*i). Let h(n) = -n**3 - 2*n**2 - 2*n + 5. What is the remainder when 18 is divided by h(t)?
3
Suppose 2*o + 3*a - 262 = 1913, 3*o = 2*a + 3230. Calculate the remainder when o is divided by 10.
0
Let x be 6/(-48) + (-15)/8. Let i be 36/48 - (-54)/(-8). What is the remainder when 792/(-126)*(x - i/(-4)) is divided by 6?
4
Let l(k) = k**2 - 12*k + 3. Let r be l(6). Let g = 37 + r. Suppose h - 11 = 2*d, g*h = 3*d - d + 32. Calculate the remainder when h is divided by 2.
1
Suppose 6167 = b + s, 2*b - 23*s = -18*s + 12306. Calculate the remainder when b is divided by 15.
13
Let s be (-15624)/(-12)*(-1)/(-3). Let q = -414 + s. What is the remainder when 94 is divided by q?
14
Suppose -15*z + 37*z - 177 = -37*z. Calculate the remainder when 276 is divided by z.
0
Let k = 26883 + -26848. Let m(u) = -153*u - 2. What is the remainder when m(-1) is divided by k?
11
What is the remainder when 1674/((-18)/2)*(-4)/8 is divided by 53?
40
Suppose -3*n - 4*p + 579 = 0, 1119*n - 1124*n - 4*p = -965. Suppose 5*g = 2*g + 291. What is the remainder when n is divided by g?
96
Suppose 19*h - 20*h = -d - 471, 4*h - 1860 = -4*d. Suppose -127 = -17*x + h. What is the remainder when 95 is divided by x?
25
Suppose -5*w - 3*a = -210, -817 = -5*w + 2*a - 582. What is the remainder when w is divided by -9*((-1 - 2) + 0)?
18
Suppose -3*o + 2*i + 3634 = 0, 25*i + 4827 = 4*o + 26*i. Calculate the remainder when o is divided by 397.
17
Suppose -6*z = z - 294. Suppose z = -3*n - 3*q + q, 5*n = 5*q - 70. What is the remainder when 4 is divided by (-4)/(-20) + n/(-5)?
1
Let y(x) = x**2 + 14*x - 31. Let v be y(2). Let f(s) = -19*s + 24. Calculate the remainder when 64 is divided by f(v).
4
Let v be -1 - (36/8)/(12/(-32)). Suppose 0*i - v*i = -1199. Calculate the remainder when i is divided by (-18)/(-6) - (1 - 9).
10
What is the remainder when 271 is divided by ((-6)/(-114)*-2 + 1341/285)*15?
64
Suppose -1035 = 12*u - 3*u. What is the remainder when 14*u/(-8) - (-6)/8 is divided by 17?
15
Suppose -5*h - 2*x + 1034 = -218, -3*x - 497 = -2*h. What is the remainder when h is divided by 29?
18
Let n(f) = 12*f**2 + f**3 - 2*f**3 - 4 - 15 + 2 - 14*f. Calculate the remainder when n(8) is divided by 23.
12
What is the remainder when (-40)/2340*9 - 914/(-26) is divided by 23?
12
Suppose 0 = -629*a + 12501 + 64723 + 39141. Suppose -3*b - 5*o - 1 + 15 = 0, 4*b + 3*o - 15 = 0. What is the remainder when a is divided by b?
2
Suppose -g - 29 = -256. Let u = 250 - g. What is the remainder when 87 is divided by u?
18
Suppose 5*n - 8*n = -18*n + 7110. What is the remainder when n is divided by 21?
12
Let u(k) be the first derivative of -k**4/4 - 5*k**3/3 - k**2 - 25. Let q be u(-3). Calculate the remainder when 105*(5 + 56/q) is divided by 10.
5
Let o(l) = -l**3 - 19*l**2 - 20*l - 24. Let c be o(-18). Let x = 10 - c. What is the remainder when 31 is divided by x/(-10) + (-114)/(-5) + -6?
14
Suppose -6*s - 2 = -7*s. Suppose 2*z - s*z = -9*z. Suppose -f + 2 + 24 = z. Calculate the remainder when 48 is divided by f.
22
Let l(k) = k**2 + 2*k + 32. Suppose -5*y = 2*x + 4, -5*y = -0*x + 5*x + 40. Let u be l(x). Calculate the remainder when (u + -1 + 1)/2 is divided by 39.
37
Suppose 0 = -5*w - 3*j + 558, -8*w + 15*j = 13*j - 886. What is the remainder when w is divided by 12?
3
Suppose 13*s = -8339 + 8716. Calculate the remainder when 147 is divided by s.
2
Let r(t) = t**2 - 5*t. What is the remainder when ((-4)/((-12)/(-59)))/(2/(-12)) is divided by r(-3)?
22
Suppose 29*c + 1517 - 3795 = 13875. Calculate the remainder when c is divided by 81.
71
Let i = 5910 - 5798. What is the remainder when i is divided by 93?
19
Let s(a) = 72*a + 1314. Suppose 148 = m + 6. What is the remainder when m is divided by s(-18)?
16
Let b = 2301 + 1421. What is the remainder when b is divided by 14?
12
Let m = -15 + 21. Calculate the remainder when (111/(-4))/(-3) - (-25 + (-5151)/(-204)) is divided by 1/(1/m*1).
3
Let f = -5088 - -5101. What is the remainder when 1110 is divided by f?
5
Let l(i) = -i - 11. Let r be l(-10). Let h be (-9)/r*(-8)/(-2). Suppose 3*d - 69 - h = 0. What is the remainder when 102 is divided by d?
32
Let z(g) = -g**3 + 19*g**2 + 37*g - 422. Calculate the remainder when z(19) is divided by 103.
75
Let h = -44 + 16. Let p(f) = -f**3 - 28*f**2 + 13. Calculate the remainder when p(h) is divided by 9.
4
Let l(b) = b**2 + b**3 - 2 - 6*b**3 - 3*b**2. Suppose -1547*s = -1542*s - z - 573, 4*z = -11*s + 1242. What is the remainder when s is divided by l(-2)?
24
Let c(o) = 190*o + 7048. What is the remainder when 10799 is divided by c(-37)?
17
Let n(j) = 3*j - 35. Let p = -395 - -456. Calculate the remainder when p is divided by n(19).
17
Let o = -1294 + 1348. Suppose -4*f - 57*m + o*m + 112 = 0, -4*m = 3*f - 84. Let d(l) = 54*l + 1. What is the remainder when d(2) is divided by f?
25
Let n = 484 - 484. Suppose 10*j - 329 + 89 = n. Calculate the remainder when 332 is divided by j.
20
Let o = 10 - 9. Let y(x) = 106*x**3 + x**2 - x. Let t = -730 + 748. Calculate the remainder when y(o) is divided by t.
16
Let t = -313 + 328. Let s(f) = -f**3 + 11*f**2 + 62*f - 15. Suppose 116 = g - 0*g. Calculate the remainder when g is divided by s(t).
11
Let p be 2/((-1)/(2/(-1))). Let x = -265 - -411. Suppose x = 3*u + c, -38 = p*u - 5*c - 201. What is the remainder when u is divided by 17?
13
Let c(p) = p**2 + p + 3. Let j be c(4). Calculate the remainder when (-2)/(-4)*j*(-114)/(-19) is divided by 25.
19
Let p(q) = 16*q - 63. Suppose 0 = g - 0*b - 5*b + 14, -4*b + 46 = 5*g. Calculate the remainder when p(g) is divided by 6.
3
Let l = 36475 - 36363. Calculate the remainder when 8060 is divided by l.
108
Let y = 7979 + -7941. Calculate the remainder when 1054 is divided by y.
28
Suppose 0 = -k - 14 + 30. Let a = -3 + 9. Suppose -274 = -a*x - k. Calculate the remainder when x is divided by 23.
20
Let s(g) = 49*g + 518. Calculate the remainder when s(-6) is divided by 191.
33
Let l(d) = 7*d**2 - 9*d - 61. Let f(w) = 2*w**2 - w + 1. Let x(s) = -3*f(s) + l(s). What is the remainder when x(16) is divided by 11*-6*(-2)/4?
30
Let u(q) = 16*q**3 - q**2 - 3*q + 4. Suppose -5*l + 7*l = -4*k + 12, -4*l = 2*k - 18. What is the remainder when 29 is divided by u(k)?
13
Suppose -464 = -25*y + 711. What is the remainder when 396 is divided by y?
20
Let c = -2848 + 7948. What is the remainder when c is divided by 21?
18
Let b(w) = 3115*w**2 - 38*w - 8. Calculate the remainder when b(1) is divided by 114.
105
What is the remainder when 459 is divided by ((-42)/5)/(123/(-615))?
39
Let q = 15906 - 15367. What is the remainder when 1095 is divided by q?
17
Suppose 3*g - 5*g = 2*p - 125 + 127, 4*g + 32 = 0. Suppose 4*r = -2*q + 69 + 39, -4*q = r - 209. Calculate the remainder when q is divided by p.
3
Let h = 6479 + 20451. Calculate the remainder when h is divided by 191.
190
Let m = -6221 - -6390. Calculate the remainder when 1189 is divided by m.
6
Suppose 0 = 15086*b - 15008*b - 858. Let a = 386 + -215. Calculate the remainder when a is divided by b.
6
Let t = -264 + 266. Suppose t*y - 8 = 0, 0 = -4*k + 7*k + 3*y - 213. Calculate the remainder when k is divided by 17.
16
Suppose 256*s + 55*s = 133108. What is the remainder when s is divided by 2/(-2) + 55/1?
50
Let s(v) = v**2 + 7*v - 27. What is the remainder when 5/(15/9) + 112 is divided by s(4)?
13
Let f = 18 - 12. Suppose f*m - 139 = 59. What is the remainder when 40 is divided by m?
7
Suppose -12*w - 6582 + 1794 = 0. Calculate the remainder when 2*(6 + w/(-14)) is divided by 25.
19
Let h = -304 - -551. Suppose -21*m + 47 = -h. What is the remainder when m is divided by 4?
2
Let a(i) = -2*i**2 + 44*i + 2. Let r be a(22). Let z(n)